 the tens digit of k(p)?
1
Let r(b) = 13*b - 15. What is the tens digit of r(6)?
6
Let i be (-2)/(1 + -3) + 2. Suppose 36 = 2*q + 2*z, i*q - 4*z - 2 = 17. What is the tens digit of q?
1
Let p(n) = -n**3 - 10*n**2 - 8*n + 7. Let b be p(-9). Let q = b + 0. What is the tens digit of q/(-5) - 365/(-25)?
1
Let p(y) = -y**3 + 2*y**2 + 2*y - 4. Let v be (-3)/((-2 - -1)*-1). Let h be p(v). Suppose 9*i - h = 4*i. What is the units digit of i?
7
Let j = 5 - 8. Let k = j + 11. Suppose 0 = 5*m + 3*i - 45, -i - 3*i - k = m. What is the tens digit of m?
1
Suppose 0 = 3*u - 7 - 2. Let c be (-2)/(u/(-6)*2). Suppose 90 = 4*g + c*v + 24, -39 = -2*g + v. What is the tens digit of g?
1
Let i = -333 + 528. What is the tens digit of i?
9
Let b(x) = -8*x - 1. Let l be b(1). Let a = -7 - l. What is the units digit of a?
2
What is the tens digit of (5/10)/((-356)/(-176) + -2)?
2
Let z be (-1)/((-9)/15)*3. Suppose 69 = z*f - 4*v + 14, -5*f + 55 = 4*v. Let o = 16 - f. What is the units digit of o?
5
Let w(y) = y**3 - y**2 - y + 11. What is the tens digit of w(0)?
1
Let w = 147 + -85. What is the units digit of (0 + w/10)*5?
1
Suppose -4 = -u - 5*r - 29, 5*u = -r - 5. Suppose -3*h + h + 20 = u. What is the tens digit of h?
1
Let x(l) = -3*l - 4. Let k be (-36)/10 - 6/15. What is the units digit of x(k)?
8
Suppose -4*i - 5*f = -f - 76, -2*f = 3*i - 58. What is the units digit of i?
0
Suppose -2*v - 24 = -d - 0*v, 0 = 3*v + 12. Let l = 26 - d. What is the units digit of l?
0
Suppose 4*d + 0 = -16. What is the units digit of -1 + -3 - -1 - d?
1
Let j = -7 + 1. Let m be 31/3 - 4/j. Let l = m - 8. What is the units digit of l?
3
Let q = 113 + -16. What is the units digit of q?
7
Let l = 1 - -1. Suppose l*b + 35 = -1. Let m = -9 - b. What is the units digit of m?
9
Suppose -14*v + 1260 = -8*v. What is the hundreds digit of v?
2
Suppose 60 = b + b + 2*w, -4*b - 5*w = -121. Suppose 4*d - b - 27 = 0. What is the tens digit of d?
1
Let u = -3 + 8. Suppose 0 = 2*a + 3*a + 3*r - 24, 0 = 5*a - u*r. Let o = 5 + a. What is the units digit of o?
8
Suppose -4 = -f - 1. Suppose -f*i + i - 29 = -5*q, -6 = 3*i. What is the units digit of q?
5
Suppose 6 + 3 = z. Suppose 1 = f - 0. What is the units digit of f*3 - z/(-3)?
6
Let h = 1 + -1. Let x be 2/4*(-12)/(-3). Suppose h = m + 4*m + 2*d - 27, 2 = -x*m - 4*d. What is the units digit of m?
7
Suppose 1 = -f, 0*o + o = -f + 4. Suppose -j + o = -1. What is the units digit of j?
6
Let l be ((-2)/6)/((-6)/72). Let v = 5 - -7. Suppose 3*w + v = 2*y - 12, -w - l = 0. What is the units digit of y?
6
Let p be 3/(4 + -3) + 80. Suppose 2*g - z - z = 68, -2*g - 3*z = -p. What is the units digit of g?
7
Suppose j - z + 7 = 0, j + j = -2*z - 26. Let n be 226/10 - 4/j. Suppose -4*q + 4 = 0, 5*u + q - 3*q = n. What is the units digit of u?
5
Suppose 8 = 5*h - h. What is the units digit of h?
2
Suppose -3*y = -8*y. Suppose 5*h - 3*w + 10 = y, -2*h + 5*w - 2*w = 13. What is the units digit of h?
1
Let r(g) = -2*g. Let l be r(-3). What is the units digit of 9/l*8/6?
2
Suppose 0 = n + d - 172, 2*d - 4*d - 328 = -2*n. What is the tens digit of n?
6
Suppose -2*k = 1 + 7. Let s(t) = -3*t + 1. What is the tens digit of s(k)?
1
Let f(d) = -d**2 - 12*d - 7. Let j(k) = 3*k**2 + 35*k + 22. Let h(p) = -8*f(p) - 3*j(p). Let a be h(-8). What is the units digit of (-13)/(-2) + (-1)/a?
7
Let t be 2 + -12 - -1*1. Let x(f) = -f + 15. Let i(z) = -z + 23. Let r(k) = -5*i(k) + 7*x(k). What is the units digit of r(t)?
8
Suppose 2*w - 10 = -2*a, 0 = 3*a + a + w - 11. Let j(k) = -8*k + 7 + 0*k + 3*k**2 - 4*k**2 + a*k. What is the units digit of j(-6)?
7
Let w be 18/(-5) + (-12)/30. Suppose -2*v + 4 = 2*j, -2*v - 5*j = 1 + 7. Let b = w + v. What is the units digit of b?
2
Let u(i) = 8 + i - 3*i + i. Let g(j) = -j**3 - 8*j**2 - 8*j - 1. Let l be g(-7). What is the units digit of u(l)?
2
Suppose 5*v + 5*s - 550 = 0, 71 = v + 2*s - 35. What is the tens digit of v?
1
Suppose 4*n + 0*n - 188 = 0. What is the tens digit of n?
4
Let d = 29 + -20. Let p = d + -6. What is the units digit of p?
3
Let u be ((-14)/(-4))/(5/10). Let y = -1 + -5. Let n = u + y. What is the units digit of n?
1
Let r(b) = -7*b**2 - 11*b - 18. Let c(i) = i**2 + 1. Let k(j) = 6*c(j) + r(j). What is the units digit of k(-8)?
2
Suppose -254 = -4*y + 10. What is the units digit of y?
6
Let p(a) = a**2 - 4*a - 2. Let c be p(4). What is the tens digit of (2/(-2))/(c/26)?
1
Suppose 2*k = 4*k + a - 100, 200 = 4*k - 2*a. Suppose w + k = 6*w. Suppose -4*l = -14 - w. What is the units digit of l?
6
Let j(t) = -4*t + 3. What is the units digit of j(-4)?
9
Suppose 5*o - 114 + 24 = 0. Suppose y + 4*r = 11 + o, 2*y - r - 22 = 0. What is the tens digit of y?
1
Suppose 2*l = 5 - 1. Let n be -11 - (-1 - (l - 4)). What is the units digit of 58/12 - 2/n?
5
Suppose 6 = -4*x + 14. Suppose 4*w - 37 = 3*m, 0 = -5*w + 3*m + x*m + 40. What is the tens digit of w?
1
Let p(t) = t**3 - t**2 + t - 3. Let u be p(-3). What is the tens digit of u/15*(-2 + -3)?
1
Suppose -66 = v + v. Let n = 56 + v. What is the tens digit of n?
2
Let k(j) be the third derivative of j**6/120 + 3*j**5/20 + j**4/4 - j**3 + 3*j**2. What is the tens digit of k(-8)?
1
Let m = 142 - -84. What is the units digit of m?
6
Suppose 9*t - 282 = 6*t. What is the units digit of t?
4
Suppose -2*v + 4*n = -5 - 11, 4*n = -8. Suppose -50 = -5*w - v*p, 4 = w - 2*w + 2*p. Suppose w = -2*c + 5*c. What is the units digit of c?
2
Suppose -2*d = -7*d - 5. What is the units digit of (5/2)/d*-2?
5
Let s be (2 - 3) + (-12)/(-2). Let h(d) = s*d**2 - 3*d - 3*d**2 + 4*d**2 - d**3 - 5. What is the units digit of h(5)?
5
What is the hundreds digit of 4/6 + (-27716)/(-123)?
2
Let c be 2/((-28)/20 + 1). What is the units digit of c/3*3/(-1)?
5
Suppose -4*h - 8 = 0, 0*t - 4*t + 3*h = -130. What is the units digit of t?
1
Let r be 3 - ((-3 - -3) + -1). Suppose 2*s + 86 = r*s. What is the units digit of s?
3
What is the units digit of -5*22*(-2)/10?
2
Let u = 251 + -115. What is the tens digit of u?
3
Suppose 2*y + 6 = 2*r, -3*r + y + 11 = -y. Suppose -5*b - r*w = -145, -2*b + 56 = -0*b + w. What is the tens digit of b?
2
Suppose -u + 5*s = -7, -3*u + u + s = 4. Let g = u - -3. Suppose 3*b = b + 4, -5*d - 4*b + 33 = g. What is the units digit of d?
5
Let i = -25 - -17. Let t(f) = -f**3 - 7*f**2 + 8*f + 10. What is the units digit of t(i)?
0
Let m be (-2)/7 - (-2611)/49. Suppose 4*k - 167 = m. What is the tens digit of k?
5
Let i be (5 + -5)*(-2)/4. Let h be (-127)/(-3) - (-2)/(-6). Suppose -t + 3 = 0, 3*v + i*v + 2*t - h = 0. What is the tens digit of v?
1
Let x = -226 - -325. What is the units digit of x?
9
Suppose 4*b - 5*t - 148 = 0, 2*t = -3*b + 5*t + 114. What is the units digit of (108/63)/(4/b)?
8
Let w(j) = -j**3 - 11*j**2 - j - 4. Suppose d = -4*d - 55. What is the units digit of w(d)?
7
Let k = 12 + -8. Suppose 0 = -4*f - k*z + 12, 0*z + 14 = 4*f + 3*z. What is the units digit of ((-12)/f)/((-6)/15)?
6
Let p(s) = -8*s + s - 1 - 6. Let h be p(-9). Suppose -5*x + h = 16. What is the units digit of x?
8
Suppose -5*u + 369 - 69 = 0. What is the units digit of u?
0
Suppose -4*a + c = -4*c - 15, -7 = -2*a + 3*c. Suppose b - 2 = -2*h + a, 0 = b - 5*h. Let q = b + 1. What is the units digit of q?
6
Let c be ((-2)/(-8))/(3/12). Let l = 7 + c. What is the units digit of l?
8
Let l(s) = 2*s + 1. Let o be 7/28 - (-18)/(-8). Let n be l(o). Let g(x) = -x - 1. What is the units digit of g(n)?
2
Let z = 142 + -57. Suppose -n - 34 = -2*q, -2*q + z = 3*q + 5*n. What is the tens digit of q?
1
Let j(q) be the third derivative of -q**6/120 + q**5/12 + 7*q**4/24 + q**2. Let l be j(6). Suppose l + 3 = o. What is the units digit of o?
9
Let p(c) = 6*c - 10. What is the units digit of p(5)?
0
What is the tens digit of 105 + -7*1*(-21)/49?
0
Suppose 5 = -3*d + 2. Let c(o) be the first derivative of 4*o**3/3 - o**2/2 + 2. What is the units digit of c(d)?
5
Let o(b) = -2*b**3 + 3*b**2 + 4*b. What is the units digit of o(-3)?
9
What is the hundreds digit of -1 + (-178 - (-15)/(-5))/(-1)?
1
Let r(t) = -3 + t - 3*t**3 + 0 - 4*t + 2*t**3 + 10*t**2. Let y be r(4). Suppose -5*g + 77 = -n, 5*g - 6*n = -3*n + y. What is the tens digit of g?
1
What is the units digit of 408/(-20)*15/(-6)?
1
Let c(q) = q**2 + 2*q + 3. Let t b